323 + -6331. Give i(d).
-8
Let a(h) = 3*h + 9. Let c(o) = 2*o + 20 - o**3 + o**3 + 0*o**3 - o**2 + o**3. Let p be c(0). Suppose -4*k + 2*m - 8 - p = 0, -21 = 3*k - 3*m. Calculate a(k).
-12
Suppose 8212 = 4*g - 788. Let f be (1 - (1 + -1))*g. Let j(k) = f*k - 2250*k + 19*k**3. What is j(-1)?
-19
Let p(o) = 0*o**2 + 2*o - o**2 - 3664494 + 3664492. Suppose w + r + 1 = 0, r = -2*r - 12. Give p(w).
-5
Let o = -2826 - -2819. Let j(m) = -m**2 - 11*m - 19. Determine j(o).
9
Let f(y) = -4*y**2 + 37*y - 1. Let t(r) = r**2 - 9*r. Suppose -2*q = 4*g - 12, 5*q - 14 = -0*g - 2*g. Let v(c) = g*f(c) + 9*t(c). Determine v(8).
6
Let y(t) = 94*t + 24. Let j be y(1). Let o(a) = 214*a**2 - 18 + 12*a - 108*a**2 - j*a**2 - a**3. Give o(-13).
-5
Suppose 0 = 2*j - 4*j + 4. Suppose -j*y - 3*f = -5*y + 9, f = -3*y + 29. Let p(w) = 2*w + 402*w**2 - 411*w**2 - 21 - 2*w + 33 - 7 + w**3 + 9*w. What is p(y)?
13
Let u(p) = 0*p - 5*p + 2*p. Let y(i) = i**2 + 41*i + 112. Let o be y(-38). Let g(s) = s. Let m(k) = o*u(k) - 5*g(k). Determine m(-3).
-3
Let t(p) = 0 - 3 + 727*p**3 + 2 - 726*p**3. Let s(g) = 3*g**3 - 10*g**2 - 7*g + 1. Let w(z) = -s(z) + 4*t(z). Determine w(-9).
13
Suppose 6 = -7*w + 10*w. Let c be 7 + (-5 - (4/4 - w)). Let l(n) = 5*n**2 + c*n + 0*n**2 + n**2 - 11*n**2 - n**3. What is l(-6)?
18
Let d(m) = m + m + 1 + m**3 + 5*m**2 + 11 - 14*m**2. Let f be (-50 - -56)*-3*3/(-6). Give d(f).
30
Let n(p) be the third derivative of 0*p + 0 - 14*p**2 + 1/15*p**5 - p**3 + 1/120*p**6 - 5/24*p**4. Let h be (-44)/10 - 3/5. What is n(h)?
-6
Let g(j) = -5*j - 54. Let l be g(-11). Let d(t) = -t**3 + t**2 + 2*t - 1. Let x(v) = -12*v**3 + 4*v**2 + 10*v - 5. Let n(o) = l*x(o) - 5*d(o). Calculate n(-1).
6
Let g(t) = t**3 - t - 3. Let v = -285 - -323. Suppose 0 = -v*r + 45*r. Determine g(r).
-3
Let c = 7735 + -7733. Let v(b) = -2*b**3 - b - 1. Give v(c).
-19
Let i(l) = -11*l**3 + 10*l**2 + 2*l - 22. Let m(g) = 2*g**3 - g**2 + 2. Suppose -293*v + 288*v - 5 = 0. Let b(d) = v*i(d) - 5*m(d). Give b(5).
2
Let k(u) = -u**3 - 10*u**2 + 10*u - 7. Let s be (-4)/((-4)/3*1 - 0). Suppose -s*b - 32 + 47 = 0. Suppose b*r + 57 = -c, 0 = -3*r - c - 15 - 20. Give k(r).
4
Let h(n) = n**2 + 21*n + 24. Suppose -11*m = -q + 55, -4*m + 44 = -5*q + 13. Give h(q).
-86
Let m = 249 + -246. Let u(d) = -d - 6*d**2 + 13*d**2 - m*d + 8*d - 15 - 6*d**2. What is u(-7)?
6
Let g be 1 - (6 + 0 - -2). Let a(x) = 2*x**2 + 17107*x - 77 - 17094*x + 75. Give a(g).
5
Let u(v) = -v**3 - 6*v**2 - 3. Suppose -2*o + 4*o = 2*y - 8, -2 = 2*o - 5*y. Give u(o).
-3
Let d(y) = -11*y**3 + 5*y - 1. Suppose -4*g - j + 13 + 5 = 0, 0 = -3*j - 6. Let s(r) = -9*r**3 - r**2 + 4*r - 1. Let u(w) = g*s(w) - 4*d(w). Determine u(-5).
-1
Let j(r) = 11*r**2 - 62*r - 12. Let s = 590 - 584. What is j(s)?
12
Let b(v) = 19*v**3 - 5*v**2 + 3*v + 64. Let a(z) = 5*z**3 - z**2 + z + 1. Let o(c) = -4*a(c) + b(c). Give o(0).
60
Let s(p) = -5 - 146*p**2 + 443*p**2 - 144*p**2 - 149*p**2 - 23*p. Let v be s(6). Let y(j) be the first derivative of 3*j**3 + j**2/2 - 1. Determine y(v).
10
Let a(d) = 29*d + 804. Let s be a(-28). Let x(l) = l**2 + 6*l - 20. Give x(s).
-4
Suppose 49 = -3*v + 40, 28 = a + v. Let z(d) = 3*d**2 - 95*d + 68. Calculate z(a).
6
Let l(w) be the second derivative of -w**3/2 - 17*w**2/2 + 803*w. Determine l(-8).
7
Let x(n) = n**3 - 7*n**2 + 6*n - 7. Let g be 4/38 + 5828/589. Suppose 6*v - g = 26. Give x(v).
-7
Let t be 76/16*-3 - 6/8. Let a = t - -18. Let k(p) = p**2 - 3*p + 3. Calculate k(a).
3
Let g(c) = -12*c + 3. Let s(j) = -60*j + 15. Let q(b) = 24*g(b) - 5*s(b). Let o(y) = 3*y**3 - 2*y**2 + y. Let d be o(1). What is q(d)?
21
Let c(r) = -r**3 + 34*r**2 - 66*r + 65. Let o be c(32). Let a(g) = 2*g**3 + 1. Let f(q) = 5*q**3 + 8*q**2 + 2*q - 5. Let x(k) = o*f(k) - 3*a(k). Determine x(8).
8
Suppose 2134*f = 2120*f + 126. Let q(b) = -b**3 + 9*b**2 + 6*b + 17. Let i(n) = n**3 - 9*n**2 - 5*n - 17. Let j(u) = -7*i(u) - 6*q(u). Determine j(f).
8
Let k(s) be the third derivative of -s**6/120 + 4*s**5/15 - 13*s**4/12 - 5*s**3/3 - 15*s**2 + 9*s. Calculate k(14).
18
Let v(p) = 32*p**2 + 12*p - 20. Let r(f) = 19*f**2 + 6*f - 10. Let u(t) = -5*r(t) + 3*v(t). Give u(-4).
-18
Let d(q) be the second derivative of q**5/20 + 11*q**4/12 - 9*q**3/2 - 11*q**2 + 943*q - 1. What is d(-13)?
-9
Let m(o) = -6*o**3 - 3*o**2 - 3*o - 2. Let q be m(-1). Let y(a) be the first derivative of -a**3/3 + 2*a**2 + 5*a - 3. What is y(q)?
5
Let n(r) = -r**2 + 10*r - 16. Let z be n(3). Let v be 21/(-84)*(2/2 - z). Let t(y) = 2 + 10*y**2 - v - 11*y**2 - 4*y + 5. Determine t(-5).
1
Let m(l) = -l**2 + l - 1. Let c(w) = 2*w**2 + 3 - 3*w + 5*w - 1 - 6*w. Let q be c(2). What is m(q)?
-3
Let g(o) = -3*o - 23. Let j be g(-11). Let i be 3*((-5)/15)/((-2)/j). Let l(n) = -10*n - 7. Let p(f) = 9*f + 6. Let x(t) = i*l(t) + 6*p(t). What is x(1)?
5
Let d(c) = -14*c**3 - 33*c**2 + 32*c - 174. Let n(y) = 5*y**3 + 11*y**2 - 11*y + 62. Let f(o) = 6*d(o) + 17*n(o). Determine f(10).
-40
Let s(b) be the third derivative of -6*b**2 - 1/2*b**4 + 0*b**3 + 0*b + 0 - 1/240*b**6 + 0*b**5. Let j(q) be the second derivative of s(q). What is j(4)?
-12
Let u(k) = 3*k + 10. Suppose -9*m - 30 = 15. Let i be (-32)/m - (5 - (-115)/(-25)). Let l(j) = -3*j - 9. Let t(h) = i*u(h) + 7*l(h). Calculate t(6).
-21
Let z(b) be the third derivative of -b**5/60 - b**4/6 - b**3 - 7245*b**2. Determine z(-3).
-3
Let d(r) = r + 25. Let m be d(7). Suppose -7*w = -74 + m. Let p(j) = -j**3 + 7*j**2 - 6*j - 4. Give p(w).
-4
Let w(o) be the second derivative of o**5/20 - o**4/2 + 5*o**3/6 + 2*o**2 - 1967*o + 1. Suppose -3*k + k + 8 = 0. Calculate w(k).
-8
Let q = 9132 - 9134. Let s(d) = -d**3 - d**2 - 3. Calculate s(q).
1
Let r be 5/4 + (-3)/12 + 2. Suppose -r*u = -3*c + 15, -2*u + 0 - 10 = 2*c. Let x(s) = s - 1. Let h(d) = d - 1. Let o(j) = -2*h(j) + 3*x(j). What is o(u)?
-6
Suppose 18*w + 250 = -5*w - 49. Let l(h) = 14*h + 187. Calculate l(w).
5
Let a(x) = x**3 + 6*x**2 + x + 8. Let r be -2 - 4/((-12)/9). Let y be 5 + (-4 + r + 2)*-1. Suppose -z = -0*z + y. Calculate a(z).
2
Let w(t) be the second derivative of -2*t**3/3 - 15*t**2/2 + 509*t. Determine w(-6).
9
Let l(u) = 1 - 11*u + 8*u + 2 - 7. Suppose 14*o + 84 = -0*o. Calculate l(o).
14
Let j(c) = -4*c**3 - 122 + 62*c - 72*c**2 + c + 47. Let t(q) = -q**3 - 18*q**2 + 16*q - 19. Let y(m) = -2*j(m) + 9*t(m). What is y(-19)?
-2
Let t = -31 + 38. Let v be (2/4*1)/(t/154). Suppose c = -4*b + v, 0 = c + c + 3*b - 12. Let d(n) = -n**3 + 4*n**2 - 5*n + 2. Calculate d(c).
-4
Let p(h) = h**3 - 24*h**2 + 126*h - 112. Let m be p(17). Let s(c) = 2*c**3 - 14*c**2 - 2*c - 17. Calculate s(m).
-31
Let c = -33 - -41. Suppose -3*g = 4*b + c + 23, g + 5*b + 14 = 0. Let y(w) = -w**2. Let j(f) = -f**2 + 8*f + 1. Let v(h) = -j(h) + 2*y(h). Calculate v(g).
-10
Suppose -18992 + 19040 = -12*u. Let w(y) = 2*y**2 + 3*y - 1. Determine w(u).
19
Let i(c) be the second derivative of -c**4/12 + c**3/6 - c**2 - 65*c. Suppose 3*j - 9 = -3*d, 3*d + 2*j + 17 = 25. Determine i(d).
-4
Let o be (-10 - -4 - 0) + 4. Let i be (-16)/o + (6 - 2). Let s(h) = h + 47 - 12 - 2*h - 24. Determine s(i).
-1
Let l = 73 - 72. Let n(a) = -7*a - 20*a + 7*a + l. Calculate n(1).
-19
Let j(y) = 0 + 5 - 68329*y - 2 - 1 + 68415*y. Calculate j(1).
88
Let x(v) = -10*v + 1947. Let p be x(195). Let q(j) = -34*j - 95. Determine q(p).
7
Suppose 5*m - 2*m + 3*d = 3, 7 = m + 4*d. Let k be (-616)/(-98) - 4/14. Let s(i) = i. Let v(t) = 9*t. Let q(y) = k*s(y) + m*v(y). What is q(-1)?
3
Let l = 18 + -19. Let c(p) = -10*p**3 - 2*p**2 + 2. Let z be c(l). Suppose 2*t - z = -0*t. Let a(y) = y + 1. What is a(t)?
6
Let y(p) = p**2 - 45*p + 39. Let i(u) = -4*u**2 + 181*u - 155. Let v(t) = -2*i(t) - 9*y(t). Determine v(42).
1
Suppose 5*j + 3*t - 21 = 0, 0 = 2*j - 5*t + 3 + 1. Let m(q) = 2*q**2 - 5*q - 7. Let f be m(j). Let x be (-3)/((-3)/f) + -2. Let u(n) = n + 9. Calculate u(x).
3
Let k(h) = 2*h - 11. Let f be k(8). Let u(s) = s**3 - 5*s**2 + s - 2. Let o be u(5). Let b(a) = -14*a + o*a + 12*a. Give b(f).
5
Let i(w) = w**2 - 116*w - 2565. Let x be i(-19). Let m(g) be the first derivative of g**4/4 + g**3/3 + g**2/2 + 30*g + 1. Give m(x).
30
Let s(h) = 494 + 475 + 9*h - 3*h - 943. Determine s(-15).
-64
Let p(o) = -o - 5*o - 194 - 2*o + 0*o + 257. Suppose -d 